{"id":419,"date":"2024-10-25T12:55:53","date_gmt":"2024-10-25T10:55:53","guid":{"rendered":"http:\/\/evansimontennis.fr\/?page_id=419"},"modified":"2025-01-14T18:50:45","modified_gmt":"2025-01-14T17:50:45","slug":"mon-profil","status":"publish","type":"page","link":"https:\/\/evansimontennis.fr\/?page_id=419","title":{"rendered":"Mon profil"},"content":{"rendered":"\t\t<div data-elementor-type=\"wp-page\" data-elementor-id=\"419\" class=\"elementor elementor-419\">\n\t\t\t\t<div class=\"elementor-element elementor-element-db7dfb9 e-flex e-con-boxed e-con e-parent\" data-id=\"db7dfb9\" data-element_type=\"container\" data-e-type=\"container\" data-settings=\"{&quot;background_background&quot;:&quot;classic&quot;}\">\n\t\t\t\t\t<div class=\"e-con-inner\">\n\t\t\t\t<div class=\"elementor-element elementor-element-45dd3a8 elementor-widget elementor-widget-heading\" data-id=\"45dd3a8\" data-element_type=\"widget\" data-e-type=\"widget\" data-widget_type=\"heading.default\">\n\t\t\t\t<div class=\"elementor-widget-container\">\n\t\t\t\t\t<h1 class=\"elementor-heading-title elementor-size-default\">Mon profil<\/h1>\t\t\t\t<\/div>\n\t\t\t\t<\/div>\n\t\t\t\t\t<\/div>\n\t\t\t\t<\/div>\n\t\t<div class=\"elementor-element elementor-element-2328d46 e-flex e-con-boxed e-con e-parent\" data-id=\"2328d46\" data-element_type=\"container\" data-e-type=\"container\">\n\t\t\t\t\t<div class=\"e-con-inner\">\n\t\t<div class=\"elementor-element elementor-element-f47f456 e-con-full e-flex e-con e-child\" data-id=\"f47f456\" data-element_type=\"container\" data-e-type=\"container\">\n\t\t\t\t<div class=\"elementor-element elementor-element-078d3f2 elementor-widget elementor-widget-heading\" data-id=\"078d3f2\" data-element_type=\"widget\" data-e-type=\"widget\" data-widget_type=\"heading.default\">\n\t\t\t\t<div class=\"elementor-widget-container\">\n\t\t\t\t\t<h2 class=\"elementor-heading-title elementor-size-default\">Qui suis-je?<\/h2>\t\t\t\t<\/div>\n\t\t\t\t<\/div>\n\t\t\t\t<div class=\"elementor-element elementor-element-7c1e31b elementor-widget elementor-widget-text-editor\" data-id=\"7c1e31b\" data-element_type=\"widget\" data-e-type=\"widget\" data-widget_type=\"text-editor.default\">\n\t\t\t\t<div class=\"elementor-widget-container\">\n\t\t\t\t\t\t\t\t\t<p>J\u2019ai 16 ans et mon parcours sportif est un peu atypique :<\/p><p>j\u2019ai commenc\u00e9 par le squash \u00e0 3 ans, le padel \u00e0 7 ans, puis le tennis \u00e0 8 ans.<\/p><p>Rapidement, il a fallu choisir, et j\u2019ai opt\u00e9 pour le tennis c&#8217;est devenu mon oxyg\u00e8ne!<\/p><p>Depuis ma premi\u00e8re finale en 2020, tout s\u2019est acc\u00e9l\u00e9r\u00e9, avec plusieurs victoires en tournois. Aujourd\u2019hui, je suis \u00e0 fond sur mon projet sportif, et je cherche des &#8220;alli\u00e9s&#8221; pour aller encore plus loin !<\/p>\t\t\t\t\t\t\t\t<\/div>\n\t\t\t\t<\/div>\n\t\t\t\t<\/div>\n\t\t<div class=\"elementor-element elementor-element-5f97611 e-con-full e-flex e-con e-child\" data-id=\"5f97611\" data-element_type=\"container\" data-e-type=\"container\">\n\t\t\t\t<div class=\"elementor-element elementor-element-5aefba4 elementor-widget__width-initial elementor-widget elementor-widget-image\" data-id=\"5aefba4\" data-element_type=\"widget\" data-e-type=\"widget\" data-widget_type=\"image.default\">\n\t\t\t\t<div class=\"elementor-widget-container\">\n\t\t\t\t\t\t\t\t\t\t\t\t\t\t\t<img fetchpriority=\"high\" decoding=\"async\" width=\"764\" height=\"1024\" src=\"https:\/\/evansimontennis.fr\/wp-content\/uploads\/2024\/10\/EVAN-RG-2024-764x1024.jpg\" class=\"attachment-large size-large wp-image-449\" alt=\"\" srcset=\"https:\/\/evansimontennis.fr\/wp-content\/uploads\/2024\/10\/EVAN-RG-2024-764x1024.jpg 764w, https:\/\/evansimontennis.fr\/wp-content\/uploads\/2024\/10\/EVAN-RG-2024-224x300.jpg 224w, https:\/\/evansimontennis.fr\/wp-content\/uploads\/2024\/10\/EVAN-RG-2024-768x1029.jpg 768w, https:\/\/evansimontennis.fr\/wp-content\/uploads\/2024\/10\/EVAN-RG-2024.jpg 974w\" sizes=\"(max-width: 764px) 100vw, 764px\" \/>\t\t\t\t\t\t\t\t\t\t\t\t\t\t\t<\/div>\n\t\t\t\t<\/div>\n\t\t\t\t<\/div>\n\t\t\t\t\t<\/div>\n\t\t\t\t<\/div>\n\t\t<div class=\"elementor-element elementor-element-2081767 e-flex e-con-boxed e-con e-parent\" data-id=\"2081767\" data-element_type=\"container\" data-e-type=\"container\" data-settings=\"{&quot;background_background&quot;:&quot;classic&quot;}\">\n\t\t\t\t\t<div class=\"e-con-inner\">\n\t\t<div class=\"elementor-element elementor-element-407d8ff e-con-full e-flex e-con e-child\" data-id=\"407d8ff\" data-element_type=\"container\" data-e-type=\"container\">\n\t\t\t\t<div class=\"elementor-element elementor-element-329ced9 elementor-widget elementor-widget-heading\" data-id=\"329ced9\" data-element_type=\"widget\" data-e-type=\"widget\" data-widget_type=\"heading.default\">\n\t\t\t\t<div class=\"elementor-widget-container\">\n\t\t\t\t\t<h2 class=\"elementor-heading-title elementor-size-default\">Mon temp\u00e9rament\n<\/h2>\t\t\t\t<\/div>\n\t\t\t\t<\/div>\n\t\t\t\t<div class=\"elementor-element elementor-element-590c325 elementor-widget elementor-widget-text-editor\" data-id=\"590c325\" data-element_type=\"widget\" data-e-type=\"widget\" data-widget_type=\"text-editor.default\">\n\t\t\t\t<div class=\"elementor-widget-container\">\n\t\t\t\t\t\t\t\t\t<p>Je semble r\u00e9serv\u00e9, mais en fait je suis tout simplement observateur !<\/p><p>\u00a0<\/p><div class=\"flex-col gap-1 md:gap-3\"><div class=\"flex max-w-full flex-col flex-grow\"><div class=\"min-h-8 text-message flex w-full flex-col items-end gap-2 whitespace-normal break-words [.text-message+&amp;]:mt-5\" dir=\"auto\" data-message-author-role=\"assistant\" data-message-id=\"34f05941-e50f-4bec-ba19-834d98c3daba\" data-message-model-slug=\"gpt-4o\"><div class=\"flex w-full flex-col gap-1 empty:hidden first:pt-[3px]\"><div class=\"markdown prose w-full break-words dark:prose-invert light\"><p>J&#8217;ai aussi de l&#8217;\u00e9nergie \u00e0 revendre, un bon esprit d&#8217;analyse et une sacr\u00e9e dose de d\u00e9termination. Mon mental et mon caract\u00e8re sont des atouts solides en comp\u00e9tition.<\/p><p>\u00a0<\/p><\/div><\/div><\/div><\/div><\/div><p>Niveau entra\u00eenement, j&#8217;ai commenc\u00e9 par sculpter mon physique tout seul \u00e0 12 ans, en improvisant\u00a0 m\u00eame des squats avec mon cartable plein de livres apr\u00e8s l\u2019\u00e9cole !<\/p><p>\u00a0<\/p><p>C\u00f4t\u00e9 mental, je mise sur la m\u00e9ditation et la PNL pour garder le contr\u00f4le pendant les matchs, car le tennis, c\u2019est un vrai ascenseur \u00e9motionnel!\u00a0 J&#8217;adore jouer aux \u00e9checs pour l\u2019aspect strat\u00e9gique et c&#8217;est bon pour d\u00e9compresser!<\/p>\t\t\t\t\t\t\t\t<\/div>\n\t\t\t\t<\/div>\n\t\t\t\t<\/div>\n\t\t\t\t\t<\/div>\n\t\t\t\t<\/div>\n\t\t\t\t<\/div>\n\t\t","protected":false},"excerpt":{"rendered":"<p>Mon profil Qui suis-je? J\u2019ai 16 ans et mon parcours sportif est un peu atypique : j\u2019ai commenc\u00e9 par le squash \u00e0 3 ans, le padel \u00e0 7 ans, puis le tennis \u00e0 8 ans. Rapidement, il a fallu choisir, et j\u2019ai opt\u00e9 pour le tennis c&#8217;est devenu mon oxyg\u00e8ne! Depuis ma premi\u00e8re finale en [&hellip;]<\/p>\n","protected":false},"author":1,"featured_media":0,"parent":0,"menu_order":0,"comment_status":"closed","ping_status":"closed","template":"","meta":{"footnotes":""},"class_list":["post-419","page","type-page","status-publish","hentry","entry"],"_links":{"self":[{"href":"https:\/\/evansimontennis.fr\/index.php?rest_route=\/wp\/v2\/pages\/419","targetHints":{"allow":["GET"]}}],"collection":[{"href":"https:\/\/evansimontennis.fr\/index.php?rest_route=\/wp\/v2\/pages"}],"about":[{"href":"https:\/\/evansimontennis.fr\/index.php?rest_route=\/wp\/v2\/types\/page"}],"author":[{"embeddable":true,"href":"https:\/\/evansimontennis.fr\/index.php?rest_route=\/wp\/v2\/users\/1"}],"replies":[{"embeddable":true,"href":"https:\/\/evansimontennis.fr\/index.php?rest_route=%2Fwp%2Fv2%2Fcomments&post=419"}],"version-history":[{"count":53,"href":"https:\/\/evansimontennis.fr\/index.php?rest_route=\/wp\/v2\/pages\/419\/revisions"}],"predecessor-version":[{"id":1164,"href":"https:\/\/evansimontennis.fr\/index.php?rest_route=\/wp\/v2\/pages\/419\/revisions\/1164"}],"wp:attachment":[{"href":"https:\/\/evansimontennis.fr\/index.php?rest_route=%2Fwp%2Fv2%2Fmedia&parent=419"}],"curies":[{"name":"wp","href":"https:\/\/api.w.org\/{rel}","templated":true}]}}